{"id":160,"date":"2024-08-20T22:15:20","date_gmt":"2024-08-20T22:15:20","guid":{"rendered":"https:\/\/dproduccion.undc.edu.pe\/?page_id=160"},"modified":"2024-08-20T22:15:20","modified_gmt":"2024-08-20T22:15:20","slug":"2da-noticia","status":"publish","type":"page","link":"https:\/\/dproduccion.undc.edu.pe\/index.php\/2da-noticia\/","title":{"rendered":"FIRMA DE CONTRATO DE LOS GANADORES DEL CONCURSO DE PUBLICACI\u00d3N DE LIBROS PARA DOCENTES DE LA UNIVERSIDAD NACIONAL DE CA\u00d1ETE 2023"},"content":{"rendered":"\n<p>Con el objetivo de promover la producci\u00f3n cient\u00edfica en la Universidad Nacional de Ca\u00f1ete, la Vicepresidencia de Investigaci\u00f3n, llevo a cabo la firma del contrato para la publicaci\u00f3n de libros a los docentes ganadores del concurso.<\/p>\n\n\n\n<p>Ellos son:<\/p>\n\n\n\n<ul class=\"wp-block-list\">\n<li>Magui\u00f1a Vallerjo Leonel Rolando \u2013 <strong><em>Manual de cortes, de verduras y frutas gastron\u00f3mica usadas en la cocina peruana <\/em><\/strong><\/li>\n\n\n\n<li>Pe\u00f1afiel Rivera Ronald Yuri \u2013 <strong><em>Abril<\/em><\/strong><\/li>\n\n\n\n<li>Franco Medina, Jorge L\u00e1zaro \u2013 <strong><em>El secreto de Chilmana<\/em><\/strong><\/li>\n<\/ul>\n\n\n\n<figure class=\"wp-block-image aligncenter size-large is-resized\"><img loading=\"lazy\" decoding=\"async\" width=\"1024\" height=\"769\" src=\"https:\/\/dproduccion.undc.edu.pe\/wp-content\/uploads\/2024\/08\/2not3-1024x769.jpg\" alt=\"\" class=\"wp-image-161\" style=\"width:758px;height:auto\" srcset=\"https:\/\/dproduccion.undc.edu.pe\/wp-content\/uploads\/2024\/08\/2not3-1024x769.jpg 1024w, https:\/\/dproduccion.undc.edu.pe\/wp-content\/uploads\/2024\/08\/2not3-300x225.jpg 300w, https:\/\/dproduccion.undc.edu.pe\/wp-content\/uploads\/2024\/08\/2not3-768x576.jpg 768w, https:\/\/dproduccion.undc.edu.pe\/wp-content\/uploads\/2024\/08\/2not3-1536x1153.jpg 1536w, https:\/\/dproduccion.undc.edu.pe\/wp-content\/uploads\/2024\/08\/2not3.jpg 1772w\" sizes=\"auto, (max-width: 1024px) 100vw, 1024px\" \/><\/figure>\n\n\n\n<figure class=\"wp-block-gallery has-nested-images columns-default is-cropped wp-block-gallery-1 is-layout-flex wp-block-gallery-is-layout-flex\">\n<figure class=\"wp-block-image size-large\"><img loading=\"lazy\" decoding=\"async\" width=\"439\" height=\"258\" data-id=\"162\" src=\"https:\/\/dproduccion.undc.edu.pe\/wp-content\/uploads\/2024\/08\/2not-2.jpg\" alt=\"\" class=\"wp-image-162\" srcset=\"https:\/\/dproduccion.undc.edu.pe\/wp-content\/uploads\/2024\/08\/2not-2.jpg 439w, https:\/\/dproduccion.undc.edu.pe\/wp-content\/uploads\/2024\/08\/2not-2-300x176.jpg 300w\" sizes=\"auto, (max-width: 439px) 100vw, 439px\" \/><\/figure>\n\n\n\n<figure class=\"wp-block-image size-large\"><img loading=\"lazy\" decoding=\"async\" width=\"1024\" height=\"687\" data-id=\"163\" src=\"https:\/\/dproduccion.undc.edu.pe\/wp-content\/uploads\/2024\/08\/2not2-1024x687.jpg\" alt=\"\" class=\"wp-image-163\" srcset=\"https:\/\/dproduccion.undc.edu.pe\/wp-content\/uploads\/2024\/08\/2not2-1024x687.jpg 1024w, https:\/\/dproduccion.undc.edu.pe\/wp-content\/uploads\/2024\/08\/2not2-300x201.jpg 300w, https:\/\/dproduccion.undc.edu.pe\/wp-content\/uploads\/2024\/08\/2not2-768x515.jpg 768w, https:\/\/dproduccion.undc.edu.pe\/wp-content\/uploads\/2024\/08\/2not2-1536x1030.jpg 1536w, https:\/\/dproduccion.undc.edu.pe\/wp-content\/uploads\/2024\/08\/2not2.jpg 1772w\" sizes=\"auto, (max-width: 1024px) 100vw, 1024px\" \/><\/figure>\n<\/figure>\n","protected":false},"excerpt":{"rendered":"<p>Con el objetivo de promover la producci\u00f3n cient\u00edfica en la Universidad Nacional de Ca\u00f1ete, la Vicepresidencia de Investigaci\u00f3n, llevo a cabo la firma del contrato para la publicaci\u00f3n de libros a los docentes ganadores del concurso. Ellos son:<\/p>\n","protected":false},"author":1,"featured_media":0,"parent":0,"menu_order":0,"comment_status":"closed","ping_status":"closed","template":"","meta":{"footnotes":""},"class_list":["post-160","page","type-page","status-publish","hentry"],"_links":{"self":[{"href":"https:\/\/dproduccion.undc.edu.pe\/index.php\/wp-json\/wp\/v2\/pages\/160","targetHints":{"allow":["GET"]}}],"collection":[{"href":"https:\/\/dproduccion.undc.edu.pe\/index.php\/wp-json\/wp\/v2\/pages"}],"about":[{"href":"https:\/\/dproduccion.undc.edu.pe\/index.php\/wp-json\/wp\/v2\/types\/page"}],"author":[{"embeddable":true,"href":"https:\/\/dproduccion.undc.edu.pe\/index.php\/wp-json\/wp\/v2\/users\/1"}],"replies":[{"embeddable":true,"href":"https:\/\/dproduccion.undc.edu.pe\/index.php\/wp-json\/wp\/v2\/comments?post=160"}],"version-history":[{"count":1,"href":"https:\/\/dproduccion.undc.edu.pe\/index.php\/wp-json\/wp\/v2\/pages\/160\/revisions"}],"predecessor-version":[{"id":164,"href":"https:\/\/dproduccion.undc.edu.pe\/index.php\/wp-json\/wp\/v2\/pages\/160\/revisions\/164"}],"wp:attachment":[{"href":"https:\/\/dproduccion.undc.edu.pe\/index.php\/wp-json\/wp\/v2\/media?parent=160"}],"curies":[{"name":"wp","href":"https:\/\/api.w.org\/{rel}","templated":true}]}}