{"id":403,"date":"2024-10-14T14:27:58","date_gmt":"2024-10-14T14:27:58","guid":{"rendered":"https:\/\/dproduccion.undc.edu.pe\/?page_id=403"},"modified":"2024-10-24T20:45:31","modified_gmt":"2024-10-24T20:45:31","slug":"contacto","status":"publish","type":"page","link":"https:\/\/dproduccion.undc.edu.pe\/index.php\/contacto\/","title":{"rendered":"CONTACTO"},"content":{"rendered":"\n<div class=\"wp-block-media-text is-stacked-on-mobile animated fadeInLeft delay-1s\" style=\"margin-right:var(--wp--preset--spacing--xx-large);margin-left:var(--wp--preset--spacing--xx-large);padding-top:0;padding-right:var(--wp--preset--spacing--xx-large);padding-bottom:0;padding-left:var(--wp--preset--spacing--xx-large);grid-template-columns:15% auto\"><figure class=\"wp-block-media-text__media\"><img loading=\"lazy\" decoding=\"async\" width=\"512\" height=\"512\" src=\"https:\/\/dproduccion.undc.edu.pe\/wp-content\/uploads\/2024\/10\/telefono.png\" alt=\"\" class=\"wp-image-404 size-full\" srcset=\"https:\/\/dproduccion.undc.edu.pe\/wp-content\/uploads\/2024\/10\/telefono.png 512w, https:\/\/dproduccion.undc.edu.pe\/wp-content\/uploads\/2024\/10\/telefono-300x300.png 300w, https:\/\/dproduccion.undc.edu.pe\/wp-content\/uploads\/2024\/10\/telefono-150x150.png 150w\" sizes=\"auto, (max-width: 512px) 100vw, 512px\" \/><\/figure><div class=\"wp-block-media-text__content\">\n<p class=\"has-adlam-display-font-family has-large-font-size\"><strong>CELULAR<\/strong><\/p>\n\n\n\n<ul class=\"wp-block-list\">\n<li class=\"has-adlam-display-font-family\"><strong><em>Analista:<\/em><\/strong> <strong>Ing. Tatiana Rivera<\/strong> &#8211; <strong>+51 990 719 526<\/strong><\/li>\n<\/ul>\n\n\n\n<ul class=\"wp-block-list\">\n<li class=\"has-adlam-display-font-family\"><strong><em>Soporte Inform\u00e1tico: <\/em><\/strong>Bach. Diana Tello Huapaya <strong>+51 949 963 585<\/strong><\/li>\n<\/ul>\n<\/div><\/div>\n\n\n\n<div class=\"wp-block-media-text is-stacked-on-mobile animated fadeInLeft delay-1s\" style=\"margin-right:var(--wp--preset--spacing--xx-large);margin-left:var(--wp--preset--spacing--xx-large);padding-right:var(--wp--preset--spacing--xx-large);padding-left:var(--wp--preset--spacing--xx-large);grid-template-columns:15% auto\"><figure class=\"wp-block-media-text__media\"><img loading=\"lazy\" decoding=\"async\" width=\"512\" height=\"512\" src=\"https:\/\/dproduccion.undc.edu.pe\/wp-content\/uploads\/2024\/10\/ubicacion-2.png\" alt=\"\" class=\"wp-image-405 size-full\" srcset=\"https:\/\/dproduccion.undc.edu.pe\/wp-content\/uploads\/2024\/10\/ubicacion-2.png 512w, https:\/\/dproduccion.undc.edu.pe\/wp-content\/uploads\/2024\/10\/ubicacion-2-300x300.png 300w, https:\/\/dproduccion.undc.edu.pe\/wp-content\/uploads\/2024\/10\/ubicacion-2-150x150.png 150w\" sizes=\"auto, (max-width: 512px) 100vw, 512px\" \/><\/figure><div class=\"wp-block-media-text__content\">\n<p class=\"has-adlam-display-font-family has-large-font-size\"><strong>UBICACI\u00d3N <\/strong><\/p>\n\n\n\n<p class=\"has-adlam-display-font-family\"><strong><em>Local Administrativo Central:<\/em><\/strong> Jr. San Agust\u00edn 124 San Vicente de Ca\u00f1ete &#8211; Horario 8:00 a.m. a 1:00 p.m. y de 2:00 a 5:00 p.m. <\/p>\n<\/div><\/div>\n\n\n\n<div class=\"wp-block-media-text is-stacked-on-mobile animated fadeInLeft delay-1s\" style=\"margin-right:var(--wp--preset--spacing--xx-large);margin-left:var(--wp--preset--spacing--xx-large);padding-right:var(--wp--preset--spacing--xx-large);padding-left:var(--wp--preset--spacing--xx-large);grid-template-columns:15% auto\"><figure class=\"wp-block-media-text__media\"><img loading=\"lazy\" decoding=\"async\" width=\"512\" height=\"512\" src=\"https:\/\/dproduccion.undc.edu.pe\/wp-content\/uploads\/2024\/10\/sobre.png\" alt=\"\" class=\"wp-image-406 size-full\" srcset=\"https:\/\/dproduccion.undc.edu.pe\/wp-content\/uploads\/2024\/10\/sobre.png 512w, https:\/\/dproduccion.undc.edu.pe\/wp-content\/uploads\/2024\/10\/sobre-300x300.png 300w, https:\/\/dproduccion.undc.edu.pe\/wp-content\/uploads\/2024\/10\/sobre-150x150.png 150w\" sizes=\"auto, (max-width: 512px) 100vw, 512px\" \/><\/figure><div class=\"wp-block-media-text__content\">\n<p class=\"has-adlam-display-font-family has-large-font-size\"><strong>CORREO<\/strong><br>analista.dpbs@gmail.com<\/p>\n<\/div><\/div>\n\n\n\n<div class=\"wp-block-columns is-layout-flex wp-container-core-columns-is-layout-28f84493 wp-block-columns-is-layout-flex\">\n<div class=\"wp-block-column is-layout-flow wp-block-column-is-layout-flow\">\n<div style=\"text-align: center;\">\n    <iframe src=\"https:\/\/www.google.com\/maps\/embed?pb=!1m18!1m12!1m3!1d2748.0640846696047!2d-76.38785534248771!3d-13.07702248084564!2m3!1f0!2f0!3f0!3m2!1i1024!2i768!4f13.1!3m3!1m2!1s0x910ff9483b2c096b%3A0x8ddefd0fb3df80ed!2sUniversidad%20Nacional%20de%20Ca%C3%B1ete-%20Sede%20Administrativa!5e0!3m2!1ses!2spe!4v1729801260314!5m2!1ses!2spe\" width=\"600\" height=\"450\" style=\"border:0;\" allowfullscreen=\"\" loading=\"lazy\" referrerpolicy=\"no-referrer-when-downgrade\"><\/iframe>\n<\/div>\n<\/div>\n<\/div>\n","protected":false},"excerpt":{"rendered":"<p>UBICACI\u00d3N Local Administrativo Central: Jr. San Agust\u00edn 124 San Vicente de Ca\u00f1ete &#8211; Horario 8:00 a.m. a 1:00 p.m. y de 2:00 a 5:00 p.m. CORREOanalista.dpbs@gmail.com<\/p>\n","protected":false},"author":1,"featured_media":0,"parent":0,"menu_order":0,"comment_status":"closed","ping_status":"closed","template":"","meta":{"footnotes":""},"class_list":["post-403","page","type-page","status-publish","hentry"],"_links":{"self":[{"href":"https:\/\/dproduccion.undc.edu.pe\/index.php\/wp-json\/wp\/v2\/pages\/403","targetHints":{"allow":["GET"]}}],"collection":[{"href":"https:\/\/dproduccion.undc.edu.pe\/index.php\/wp-json\/wp\/v2\/pages"}],"about":[{"href":"https:\/\/dproduccion.undc.edu.pe\/index.php\/wp-json\/wp\/v2\/types\/page"}],"author":[{"embeddable":true,"href":"https:\/\/dproduccion.undc.edu.pe\/index.php\/wp-json\/wp\/v2\/users\/1"}],"replies":[{"embeddable":true,"href":"https:\/\/dproduccion.undc.edu.pe\/index.php\/wp-json\/wp\/v2\/comments?post=403"}],"version-history":[{"count":7,"href":"https:\/\/dproduccion.undc.edu.pe\/index.php\/wp-json\/wp\/v2\/pages\/403\/revisions"}],"predecessor-version":[{"id":587,"href":"https:\/\/dproduccion.undc.edu.pe\/index.php\/wp-json\/wp\/v2\/pages\/403\/revisions\/587"}],"wp:attachment":[{"href":"https:\/\/dproduccion.undc.edu.pe\/index.php\/wp-json\/wp\/v2\/media?parent=403"}],"curies":[{"name":"wp","href":"https:\/\/api.w.org\/{rel}","templated":true}]}}