{"id":615,"date":"2025-05-22T21:21:55","date_gmt":"2025-05-22T21:21:55","guid":{"rendered":"https:\/\/dproduccion.undc.edu.pe\/?page_id=615"},"modified":"2025-07-09T21:45:51","modified_gmt":"2025-07-09T21:45:51","slug":"1-concurso-para-publicacion-de-libros-producto-de-investigacion-cintifica-de-la-undc-2025","status":"publish","type":"page","link":"https:\/\/dproduccion.undc.edu.pe\/index.php\/1-concurso-para-publicacion-de-libros-producto-de-investigacion-cintifica-de-la-undc-2025\/","title":{"rendered":"1\u00b0 CONCURSO PARA PUBLICACI\u00d3N DE LIBROS PRODUCTO DE INVESTIGACI\u00d3N CIENT\u00cdFICA DE LA UNDC-2025"},"content":{"rendered":"\n<div class=\"wp-block-group is-nowrap is-layout-flex wp-container-core-group-is-layout-6c531013 wp-block-group-is-layout-flex\">\n<figure class=\"wp-block-image size-large\"><img loading=\"lazy\" decoding=\"async\" width=\"1024\" height=\"683\" src=\"https:\/\/dproduccion.undc.edu.pe\/wp-content\/uploads\/2025\/07\/ChatGPT-Image-9-jul-2025-16_43_23-1024x683.png\" alt=\"\" class=\"wp-image-701\" srcset=\"https:\/\/dproduccion.undc.edu.pe\/wp-content\/uploads\/2025\/07\/ChatGPT-Image-9-jul-2025-16_43_23-1024x683.png 1024w, https:\/\/dproduccion.undc.edu.pe\/wp-content\/uploads\/2025\/07\/ChatGPT-Image-9-jul-2025-16_43_23-300x200.png 300w, https:\/\/dproduccion.undc.edu.pe\/wp-content\/uploads\/2025\/07\/ChatGPT-Image-9-jul-2025-16_43_23-768x512.png 768w, https:\/\/dproduccion.undc.edu.pe\/wp-content\/uploads\/2025\/07\/ChatGPT-Image-9-jul-2025-16_43_23.png 1536w\" sizes=\"auto, (max-width: 1024px) 100vw, 1024px\" \/><\/figure>\n\n\n\n<p>? <strong>\u00bfTienes un producto de investigaci\u00f3n listo para ser publicado?<\/strong><br>Si la ciencia es tu pasi\u00f3n ? y has desarrollado un trabajo que quieres dar a conocer ?, \u00a1esta convocatoria es para ti!<br>Comparte tu conocimiento, impulsa la investigaci\u00f3n y haz que tus ideas trasciendan ?.<br>\u2728 \u00a1Postula ahora y s\u00e9 parte del cambio cient\u00edfico!<\/p>\n<\/div>\n\n\n\n<div class=\"wp-block-buttons is-content-justification-center is-layout-flex wp-container-core-buttons-is-layout-a89b3969 wp-block-buttons-is-layout-flex\">\n<div class=\"wp-block-button\"><a class=\"wp-block-button__link wp-element-button\" href=\"https:\/\/drive.google.com\/file\/d\/1oQHePm4RVns-bswioR4MjB_iE3MbIWyA\/view?usp=sharing\">BASES Y RESOLUCIONES<\/a><\/div>\n\n\n\n<div class=\"wp-block-button\"><a class=\"wp-block-button__link wp-element-button\" href=\"https:\/\/tramite.undc.edu.pe\/mesadepartes\/\">M\u00d3DULO DE POSTULACI\u00d3N <\/a><\/div>\n\n\n\n<div class=\"wp-block-button\"><a class=\"wp-block-button__link wp-element-button\" href=\"https:\/\/drive.google.com\/file\/d\/1CUVu_tG7gWZvri4KFQm2YGxyyVezU3ed\/view?usp=sharing\">VIDEOTUTORIAL<\/a><\/div>\n<\/div>\n\n\n\n<hr class=\"wp-block-separator has-alpha-channel-opacity\"\/>\n\n\n\n<h2 class=\"wp-block-heading has-text-align-center\">SOBRE CONCURSO DE PUBLICACI\u00d3N DE LIBROS<\/h2>\n\n\n\n<p>? El concurso financiar\u00e1 la publicaci\u00f3n de 12 libros: 8 para docentes de la UNDC y 4 para la comunidad universitaria y actores clave en la <br>      generaci\u00f3n de conocimiento.<br>\u2705 Docentes ordinarios o contratados de la Universidad Nacional de Ca\u00f1ete (UNDC).<br>\u2705 Egresados con grado acad\u00e9mico de bachiller, maestr\u00eda o doctorado, con una publicaci\u00f3n relevante.<br>\u2705 Personal administrativo con grado acad\u00e9mico y producci\u00f3n relevante para el \u00e1mbito universitario.<br>\u2705 Investigadores externos con trayectoria reconocida y registro en RENACYT.<br>\u2705 Docentes de otras universidades p\u00fablicas o privadas, cuya obra aporte al desarrollo acad\u00e9mico y cient\u00edfico.<br>\u2705 Investigadores asociados a la UNDC, con respaldo institucional y proyectos en curso.<\/p>\n\n\n\n<hr class=\"wp-block-separator has-alpha-channel-opacity\"\/>\n\n\n\n<p class=\"has-text-align-center\"><strong>CRONOGRAMA<\/strong><\/p>\n\n\n\n<figure class=\"wp-block-image size-large is-resized\"><img loading=\"lazy\" decoding=\"async\" width=\"1024\" height=\"576\" src=\"https:\/\/dproduccion.undc.edu.pe\/wp-content\/uploads\/2025\/07\/Presentacion-de-graficos-visuales-Infografia-Zig-zag-Empresarial-Corporativo-Profesional-Colorido-2-1-1024x576.png\" alt=\"\" class=\"wp-image-694\" style=\"width:1163px;height:auto\" srcset=\"https:\/\/dproduccion.undc.edu.pe\/wp-content\/uploads\/2025\/07\/Presentacion-de-graficos-visuales-Infografia-Zig-zag-Empresarial-Corporativo-Profesional-Colorido-2-1-1024x576.png 1024w, https:\/\/dproduccion.undc.edu.pe\/wp-content\/uploads\/2025\/07\/Presentacion-de-graficos-visuales-Infografia-Zig-zag-Empresarial-Corporativo-Profesional-Colorido-2-1-300x169.png 300w, https:\/\/dproduccion.undc.edu.pe\/wp-content\/uploads\/2025\/07\/Presentacion-de-graficos-visuales-Infografia-Zig-zag-Empresarial-Corporativo-Profesional-Colorido-2-1-768x432.png 768w, https:\/\/dproduccion.undc.edu.pe\/wp-content\/uploads\/2025\/07\/Presentacion-de-graficos-visuales-Infografia-Zig-zag-Empresarial-Corporativo-Profesional-Colorido-2-1-1536x864.png 1536w, https:\/\/dproduccion.undc.edu.pe\/wp-content\/uploads\/2025\/07\/Presentacion-de-graficos-visuales-Infografia-Zig-zag-Empresarial-Corporativo-Profesional-Colorido-2-1.png 1920w\" sizes=\"auto, (max-width: 1024px) 100vw, 1024px\" \/><\/figure>\n\n\n\n<hr class=\"wp-block-separator has-alpha-channel-opacity\"\/>\n\n\n\n<p class=\"has-text-align-center\"><strong>BASES Y RESOLUCIONES<\/strong><\/p>\n\n\n\n<div class=\"wp-block-columns is-layout-flex wp-container-core-columns-is-layout-28f84493 wp-block-columns-is-layout-flex\">\n<div class=\"wp-block-column is-layout-flow wp-block-column-is-layout-flow\" style=\"flex-basis:100%\">\n<div class=\"wp-block-group is-layout-grid wp-container-core-group-is-layout-478b6e6b wp-block-group-is-layout-grid\">\n<p><strong><a href=\"https:\/\/drive.google.com\/file\/d\/1oQHePm4RVns-bswioR4MjB_iE3MbIWyA\/view?usp=sharing\">RESOLUCI\u00d3N DE COMISI\u00d3N ORGANIZADORA N\u00b0260-2025-UNDC\/CO<\/a>, <\/strong>que <strong>APRUEBA<\/strong> la modificaci\u00f3n del Cap\u00edtulo 6. Cronograma y Etapas del<br>Proceso de las \u201cBases del Concurso de Publicaci\u00f3n de Libros Producto de Investigaci\u00f3n Cient\u00edfica en la Universidad Nacional de Ca\u00f1ete\u201d<\/p>\n\n\n\n<p><strong><a href=\"https:\/\/drive.google.com\/file\/d\/1KidZqj5hKl1gEjoIy7aTOuwkDPrR5_s0\/view?usp=sharing\">RESOLUCI\u00d3N DE COMISI\u00d3N ORGANIZADORA N\u00b0251-2025-UNDC\/CO,<\/a><\/strong> que RECONFORMA la comisi\u00f3n evaluadora del Concurso de Publicaci\u00f3n de Libros producto de Investigaci\u00f3n Cient\u00edfica de la Universidad Nacional de Ca\u00f1ete-2025<\/p>\n\n\n\n<p><strong><a href=\"https:\/\/drive.google.com\/file\/d\/1OdPKYv2fcE1cD1z9sMPfH9gV9bUF05j3\/view?usp=sharing\" data-type=\"link\" data-id=\"https:\/\/drive.google.com\/file\/d\/1OdPKYv2fcE1cD1z9sMPfH9gV9bUF05j3\/view?usp=sharing\">RESOLUCI\u00d3N DE COMISI\u00d3N ORGANIZADORA N\u00b0 213-2025-UNDC\/CO<\/a>,<\/strong> que <strong>DESIGNA<\/strong> a la Comisi\u00f3n Evaluadora del Concurso de Publicaci\u00f3n<br>de Libros Producto de Investigaci\u00f3n Cient\u00edfica de la Universidad Nacional de Ca\u00f1ete-2025.<\/p>\n\n\n\n<p><strong><a href=\"https:\/\/drive.google.com\/file\/d\/1ai27CihVpTsheMm1TfEZPtYNZc7-Cjd7\/view?usp=sharing\" data-type=\"link\" data-id=\"https:\/\/drive.google.com\/file\/d\/1ai27CihVpTsheMm1TfEZPtYNZc7-Cjd7\/view?usp=sharing\">RESOLUCI\u00d3N DE COMISI\u00d3N ORGANIZADORA N\u00b0 201-2025-UNDC\/CO<\/a><\/strong>, que <strong>APRUEBA<\/strong> las Bases del Concurso de Publicaci\u00f3n de Libros Producto de Investigaci\u00f3n Cient\u00edfica de la Universidad Nacional de Ca\u00f1ete-2025.<\/p>\n\n\n\n<p><a href=\"https:\/\/drive.google.com\/file\/d\/1fnhJbxZSaA72eZ8qAgpIq3diEhzwVPBs\/view?usp=sharing\" data-type=\"link\" data-id=\"https:\/\/drive.google.com\/file\/d\/1fnhJbxZSaA72eZ8qAgpIq3diEhzwVPBs\/view?usp=sharing\"><strong>RESOLUCI\u00d3N DE COMISI\u00d3N ORGANIZADORA N\u00b0 200-2025-UNDC\/CO,<\/strong> <\/a>que <strong>APRUEBA<\/strong> el Reglamento de Concurso para financiamiento de<br>Publicaci\u00f3n de Libros producto de la Investigaci\u00f3n Cient\u00edfica de la Universidad Nacional de Ca\u00f1ete.<\/p>\n\n\n\n<p><\/p>\n<\/div>\n<\/div>\n<\/div>\n\n\n\n<p><\/p>\n","protected":false},"excerpt":{"rendered":"<p>? \u00bfTienes un producto de investigaci\u00f3n listo para ser publicado?Si la ciencia es tu pasi\u00f3n ? y has desarrollado un trabajo que quieres dar a conocer ?, \u00a1esta convocatoria es para ti!Comparte tu conocimiento, impulsa la investigaci\u00f3n y haz que tus ideas trasciendan ?.\u2728 \u00a1Postula ahora y s\u00e9 parte del cambio cient\u00edfico! SOBRE CONCURSO DE [&hellip;]<\/p>\n","protected":false},"author":1,"featured_media":669,"parent":0,"menu_order":0,"comment_status":"closed","ping_status":"closed","template":"","meta":{"footnotes":""},"class_list":["post-615","page","type-page","status-publish","has-post-thumbnail","hentry"],"_links":{"self":[{"href":"https:\/\/dproduccion.undc.edu.pe\/index.php\/wp-json\/wp\/v2\/pages\/615","targetHints":{"allow":["GET"]}}],"collection":[{"href":"https:\/\/dproduccion.undc.edu.pe\/index.php\/wp-json\/wp\/v2\/pages"}],"about":[{"href":"https:\/\/dproduccion.undc.edu.pe\/index.php\/wp-json\/wp\/v2\/types\/page"}],"author":[{"embeddable":true,"href":"https:\/\/dproduccion.undc.edu.pe\/index.php\/wp-json\/wp\/v2\/users\/1"}],"replies":[{"embeddable":true,"href":"https:\/\/dproduccion.undc.edu.pe\/index.php\/wp-json\/wp\/v2\/comments?post=615"}],"version-history":[{"count":28,"href":"https:\/\/dproduccion.undc.edu.pe\/index.php\/wp-json\/wp\/v2\/pages\/615\/revisions"}],"predecessor-version":[{"id":702,"href":"https:\/\/dproduccion.undc.edu.pe\/index.php\/wp-json\/wp\/v2\/pages\/615\/revisions\/702"}],"wp:featuredmedia":[{"embeddable":true,"href":"https:\/\/dproduccion.undc.edu.pe\/index.php\/wp-json\/wp\/v2\/media\/669"}],"wp:attachment":[{"href":"https:\/\/dproduccion.undc.edu.pe\/index.php\/wp-json\/wp\/v2\/media?parent=615"}],"curies":[{"name":"wp","href":"https:\/\/api.w.org\/{rel}","templated":true}]}}